-7461) + -5)?
9
Let z be (-20)/9 + (-6)/(-27). Let u be 24 + (-4 - z) - 1. Suppose 3*s - 6*s = -u. What is the units digit of s?
7
Suppose 2*d + 3*t + 6 = 0, -2*d - 3*t + 4*t = -10. What is the units digit of -2 + (4 - d) + 61?
0
Let m be (-6)/27 - 94/(-18). Suppose -4*w + b + 462 = 0, m*w - 3*b + 4*b = 582. Suppose 2*o = 3*u + 54, -4*o = -4*u - 0*u - w. What is the units digit of o?
3
Let m(v) = 137*v. Let w(g) = -69*g. Let a(d) = -6*m(d) - 13*w(d). Let s be a(1). Suppose 8*l - 3*l + 4*x - s = 0, 4*x = 0. What is the tens digit of l?
1
Let w(p) = 2*p + 1. Let s be w(-2). Let f(b) = 3*b**2 + 3*b - 9. Let v(m) = 3*m**2 + 3*m - 10. Let x(c) = 6*f(c) - 5*v(c). What is the tens digit of x(s)?
1
Let v(q) = q**2 + 12*q + 21. Suppose 0 = 11*h - 13*h - 20. Let x be v(h). What is the tens digit of (3 - x) + 36 + -3?
3
Suppose 0 = -8*c + 10*c + 26. Let s = c - -88. What is the units digit of s?
5
Suppose -5*w + 5*c + 3358 + 2807 = 0, 4*w = -4*c + 4900. What is the thousands digit of w?
1
Let l(p) = -23*p. Let n be l(-1). Let k = -13 + n. Suppose 0 = k*m - 9*m - 10. What is the tens digit of m?
1
Suppose 77 + 258 = 5*h. Suppose g + h = m - 141, 2*m + 2*g = 412. What is the units digit of m?
7
What is the thousands digit of (-192)/512 + (-23691)/(-8)?
2
Let t = 8 + -3. Suppose 110 + 311 = t*h - 2*i, 3*i - 6 = 0. What is the tens digit of h?
8
Let n = -263 - -405. Suppose 0 = 5*s, 2*k = 3*k - 2*s - n. What is the units digit of k?
2
Suppose -2*i - 10 = -u, 0 = 3*u + 5*i + 6 + 8. Let h(q) = 14*q + 4. What is the units digit of h(u)?
2
Let p(g) = -8*g + 1. Let d(b) be the first derivative of b**2/2 - 4*b + 4. Let w be d(3). What is the units digit of p(w)?
9
Let d(f) be the second derivative of f**6/360 - f**5/20 - 11*f**4/24 + f**3/6 + 3*f. Let v(h) be the second derivative of d(h). What is the tens digit of v(9)?
1
Suppose x - 28 = -6*x. Suppose x*p = 2*v + 94, 4*p + 3*v - v = 98. What is the tens digit of p?
2
Let z(l) = l**2 + 18*l + 366. What is the hundreds digit of z(-30)?
7
Let m(i) be the second derivative of -i**5/20 + 5*i**4/12 + 2*i**3 - 2*i**2 + 11*i. What is the tens digit of m(5)?
5
Let s = -12 + 14. Suppose -s + 52 = 2*l. What is the tens digit of l?
2
Suppose 4*x - 331 = -x - t, 4*t - 334 = -5*x. Let l = x - 34. What is the units digit of l?
2
Suppose -y = -4*u - 0*y + 2363, 0 = 3*u - 2*y - 1776. What is the hundreds digit of u?
5
What is the tens digit of ((-192)/(-30))/((-4)/(-50))?
8
Let b(i) = -7*i. Suppose 2*f + 92 = 62. What is the units digit of b(f)?
5
Let a = 55 - 55. Suppose a = -b - 7 + 53. What is the units digit of b?
6
Let q = -21 + 25. Suppose 203 = 3*k + q*k. What is the tens digit of k?
2
Let m be (5 + 26/(-6))*(0 + 57). Suppose 4*g + 28 = -0*g. Let k = m + g. What is the units digit of k?
1
Suppose 11*x - 4050 = -981. What is the units digit of x?
9
Suppose 5*z + 4*a - 1230 = 0, 3*z = 5*a + 368 + 333. What is the units digit of z?
2
Let y = 154 - 108. Suppose 176 + y = 3*h. Let u = 103 - h. What is the tens digit of u?
2
Let w(j) = -j**2 - 25*j + 54. Suppose -4*z + f = 71, -4*z + 2*f - 25 = 41. What is the hundreds digit of w(z)?
1
Let f(r) = r**3 - 10*r**2 + 8*r - 1. Let b be f(9). Let x = b - -12. Suppose k - x*k = -16. What is the units digit of k?
6
Suppose 0*m = -m + 61. Let c be (-1)/(-5 - 308/(-62)). Let y = m - c. What is the units digit of y?
0
Let h(c) = 1 + 0 + 3*c + 2*c**2 - 1 + 3. Let s be h(-2). Suppose s*a - 4*d - 174 = 71, -a - d = -40. What is the tens digit of a?
4
Let u(p) = -1. Let g(d) = -3*d + 15. Let w(j) = -g(j) - 6*u(j). What is the tens digit of w(8)?
1
Suppose -4*s + 5988 = -0*s - 4*m, -5*m = 5*s - 7465. Suppose 3*i - 8*i = 5*y - s, 3*y = 3. What is the hundreds digit of i?
2
Suppose 6*z = 3*l + 3*z - 10629, 2*l - 5*z = 7080. What is the hundreds digit of l?
5
Suppose -3*x - 1167 = -2*u - 8*x, 2*x + 2961 = 5*u. What is the tens digit of u?
9
Let d be 387/6 - 7/14. Suppose -2*a - d = -2*n, 1 = n - 4*a - 31. What is the units digit of n?
2
Let s(f) be the first derivative of -3*f**2 - 7*f - 6. Let u(j) = -1. Let m(a) = s(a) - 4*u(a). What is the units digit of m(-5)?
7
Suppose 103 = 5*k - p, 0 = -0*k - 4*k + 2*p + 80. Let h(c) = -c**3 + 20*c**2 + 21*c + 1. What is the units digit of h(k)?
1
Suppose 0 = 3*o, -5*a + o = -4*o - 3220. What is the tens digit of a?
4
Let w = -69 - -135. Let p = w + 29. What is the units digit of p?
5
Let h(c) = -c**2 + 9*c - 4. Let w be h(8). What is the units digit of 97 + (-2 - (w - 5))?
6
Suppose -4*t = 3*k - 101, 2*t - 1 = -2*k + 65. What is the tens digit of k?
3
Let h(v) = -8*v**2 + 5*v - 5. Let n be h(3). Let b = 103 + n. What is the units digit of b?
1
What is the thousands digit of (-652)/(-6)*(-1701)/(-54)?
3
Suppose 5*v - 3*v + 2*r = 0, 2*v + r - 2 = 0. Suppose -8 = -2*z + 4*y, 7*z - 4*z + 4*y - v = 0. What is the tens digit of (z + 104/12)*3?
3
Let y be 4*(-3 + 6 + -1). Let x be y/52 - 1437/(-39). Let s = -5 + x. What is the units digit of s?
2
Let f(j) = -1. Let t(w) = 2*w - 6. Let l(s) = -6*f(s) + t(s). Let h be l(1). Suppose 2*z - 3*x - 65 = 0, z + h*x - 20 = x. What is the units digit of z?
5
Let v = 13 - 4. Suppose -m + 14 = -v. What is the units digit of m?
3
Let a be 205/15*1*-33. Let d = -202 - a. What is the units digit of d?
9
Let z be (0 - 8/10)/(118/885). What is the hundreds digit of (-50)/z*(13 + 3 + -1)?
1
Let k(h) = h**2 + h - 1. Let d(a) = 3*a**2 + 11*a - 29. Let t(f) = -d(f) + 2*k(f). Let x be t(-11). Suppose 10*v - 105 = x*v. What is the tens digit of v?
2
Let g be (8/(-4) + -5)*-13. Suppose 491 - g = 2*o. What is the tens digit of o?
0
Let w be 4 + 12*(2 - 4). What is the units digit of -2 + 1 - 3*w?
9
Let j = -297 - -190. Let i = j + 152. What is the tens digit of i?
4
Let d(g) = g**2 - 17*g - 7. Suppose -20 = 4*y, -27 = -5*c + 2*c - 3*y. Let r be d(c). Let x = -34 - r. What is the tens digit of x?
1
Let q = 326 - 98. What is the tens digit of q?
2
Let r(w) = w**2 + 13*w. Let s(j) = j + 1. Let u(t) = r(t) - 5*s(t). What is the units digit of u(-9)?
4
What is the hundreds digit of (-16026)/(-45) - (-4)/(-30)?
3
Let t(q) be the third derivative of -11*q**6/60 + q**5/20 + q**4/8 + q**3/3 + 10*q**2. What is the tens digit of t(-2)?
8
Let n = 90 + 54. Let b = 248 - n. What is the hundreds digit of b?
1
What is the tens digit of (200/(-6))/(7*(-7)/735)?
0
What is the hundreds digit of (1 + -42)/((-65)/15 - -4)?
1
What is the hundreds digit of ((-1968)/18 + 2)/(6/(-99))?
7
Let q(t) = -t**2 - 11*t + 14. Suppose 0 = -f + 8*f + 84. Let s be q(f). Let n = s - -62. What is the units digit of n?
4
Let h be (-1 - -148) + 3/(-1). Let i be (h/14)/(-4)*-7. What is the units digit of ((-39)/1)/(i/(-12))?
6
Let t(j) be the second derivative of j**6/360 - j**5/30 - j**4/24 - j**3/2 + 5*j. Let p(v) be the second derivative of t(v). What is the units digit of p(5)?
4
Suppose 0 = 4*r - 5 - 27. Let l(f) = 3*f**3 - 4*f**2 - 17*f + 11. Let z(s) = s**3 + s**2 + s. Let x(p) = -l(p) + 2*z(p). What is the units digit of x(r)?
3
Let l be 19/((2/(-6))/(-1)). Let b be 3/(-9)*(13 - 6 - 1). What is the units digit of ((-8)/12)/(b/l)?
9
Let t be -4 - (8/4 + -16). Let r be 26/t + 24/(-40). Suppose 3*l - 86 = -5*w + 83, -3*w = r*l - 101. What is the tens digit of w?
3
Let u = -20 + -41. Let v = 17 - u. What is the units digit of v?
8
Let c = 235 + -216. Let q be (-3)/6 + 5/(-2). Let h = q + c. What is the units digit of h?
6
Let b(c) = -1211*c**3 - c**2 + 2*c + 2. What is the hundreds digit of b(-1)?
2
Let v(t) = t**2 + t - 2. Let h be v(-4). Let p = h + 1. Let n = -7 + p. What is the units digit of n?
4
Suppose 3*g + 39 = -3*m, -2*g + 27 = -4*m - g. What is the units digit of 3 - (-32 + m/2)?
9
Suppose 3 = -4*l - a + 14, 2*a = 2*l - 18. Suppose 10 = -l*z + 2. What is the tens digit of (-7 + 43)*z/(-3)?
2
Let y(u) = -10*u**3 + 2*u**2 - 3*u - 4. Let k be (6/(-4))/1 + 2/(-4). What is the units digit of y(k)?
0
Suppose -a = -4*t - 16, 2*a - 7 = a + t. Suppose a = 3*n - 14. Suppose 7*z = n*z + 71. What is the units digit of z?
1
Let d = -2613 - -3776. What is the hundreds digit of d?
1
Let d be (-102)/8*16/(-6). Suppose -5*c = -4*c - d. Suppose c = 5*w - 1. What is the units digit of w?
7
Suppose 2*j = -x + 35, 3*j + 5 = 8*j. What is the tens digit of x?
3
What is the units d